-y**3 - 13*y + 2*y**3 - 2*y**3 + 22*y + 6*y**2 - 6. Let u be h(6). What is the highest common divisor of 16 and u?
16
Suppose -3*r - 3*t + 87 = 0, 3*r - t - 86 = -11. Let p be 1/2 - (-50)/4. What is the highest common divisor of p and r?
13
Suppose 2*t + 2*n = 16, -t - n - 28 = -3*t. Let a be 2/(-3) + (-56)/(-3). Calculate the highest common factor of a and t.
6
Let a be (1/1)/(2/10). Suppose a*r = -m + 21, 5*r - 4*m = 17 + 24. Calculate the highest common divisor of r and 20.
5
Let c(o) = o**2 - 6*o - 7. Let y be c(-5). Suppose 0 = s - 3*s + 52. Suppose 4*j - s - 22 = 0. What is the greatest common factor of y and j?
12
Let l(t) = 2*t**2 + 3*t + 5. Let m be l(-4). Suppose 13 + 3 = -i. Let r = m + i. What is the greatest common factor of 63 and r?
9
Suppose 2*o - 3*o = 4*h - 33, -15 = -h + 2*o. Let u(k) = -k**3 + 10*k**2 - 4*k - 19. Let w be u(h). What is the highest common divisor of 52 and w?
26
Suppose 9*c - 178 = -16. Let j = 203 + -113. What is the greatest common divisor of c and j?
18
Let b(c) = -c**3 + 9*c**2 - 6*c - 6. Let t be b(7). What is the greatest common divisor of 20 and t?
10
Let v = 15 - -3. What is the greatest common factor of v and 18?
18
Let p be ((-1)/3)/((-10)/780). What is the highest common factor of p and 78?
26
Let b(n) = n**3 - 8*n**2 - n. Let a be b(8). Let h be (-12)/(a/2) - -47. What is the greatest common divisor of 10 and h?
10
Suppose -m + 0*m + 20 = 0. Let a = -9 + m. Let s be (2/5)/((-1)/(-55)). Calculate the greatest common divisor of s and a.
11
Let n(l) = l**2 + 15*l + 2. Let o be n(-17). Let r be (-18)/8*32/(-3). Calculate the highest common factor of r and o.
12
Let f(j) = 2*j + 33. Let b be f(-12). Calculate the greatest common factor of 45 and b.
9
Let u = 11 - -5. Suppose -3*r - 7 + u = 2*l, -4*l = -r + 17. Suppose h - 42 = -5*w, 5*w + r*h - 7 = 43. What is the highest common divisor of w and 8?
8
Suppose 5*t + 7 = -3. Let s = 4 + t. Suppose 168 = 4*l - s*n, 2*l - 3*l + 42 = -3*n. What is the highest common divisor of l and 14?
14
Suppose 0 = 14*g - 10*g - 120. What is the highest common divisor of 210 and g?
30
Let s be 14*(-1)/2 - -1. Let z(p) = p**3 + 6*p**2 - 4*p - 6. Let r be z(s). Let u = 33 - r. What is the greatest common factor of u and 5?
5
Suppose -2*q = 27 - 153. Calculate the greatest common factor of q and 7.
7
Let t be (-18)/(-8) + 4/(-16). Suppose -t*y + 17 = -11. Let u = y - 6. Calculate the greatest common factor of 72 and u.
8
Suppose 0 = -6*y + y + 35. Calculate the greatest common factor of 1 and y.
1
Suppose -6 = -n - 3. Suppose -3*m + 3*u = -51, 30 + 34 = 4*m - n*u. What is the highest common factor of m and 65?
13
Suppose 0 = -3*g + 4 + 2. Calculate the greatest common divisor of g and 2.
2
Suppose -j = -3*c - 6 + 2, -4*j + 16 = -3*c. Calculate the highest common divisor of 28 and j.
4
Let c(y) = -2*y - 10. Let w be c(-7). Suppose k = -w*z + 14, -z - 4 = -5*k + 3. Let v = 3 + k. What is the highest common divisor of v and 45?
5
Let n = 95 - 32. Suppose -2*u + n = u. Calculate the greatest common divisor of 3 and u.
3
Let k(v) be the first derivative of 3*v**2/2 - 3*v + 8. Let i be k(9). Calculate the highest common divisor of i and 12.
12
Suppose -2*a = -a - 2*c + 13, 6 = 2*c. Let h = a + 14. Calculate the greatest common factor of h and 77.
7
Let p = -1 - -5. Suppose -p*w = 5*z - 27, 5*w = -3*z + 7*z + 3. Suppose -z*r = 3*n - 14 - 16, -8 = 4*n. Calculate the greatest common factor of 48 and r.
12
Let m = 144 + -93. Let z = -23 + m. Calculate the greatest common divisor of 70 and z.
14
Suppose -b + 3*b = 30. Suppose 3 - b = -2*q. Suppose 38*a - 37*a = 48. Calculate the greatest common factor of q and a.
6
Let p = 6 + -2. Let x = 7 - p. Suppose 0 = x*o + 13 - 133. What is the greatest common factor of o and 10?
10
Let h be 50/(-15)*36/(-10). Suppose -h*m + 10*m + 30 = 0. What is the greatest common factor of 105 and m?
15
Suppose 0 = 4*v - 8, 49 = -2*k + 2*v + 397. Calculate the greatest common divisor of k and 16.
16
Suppose -3*h + 4 = -0*n - n, -2*h - 5*n = -31. Suppose 3*t - 169 = 4*w, 2*t = h*t - 4*w - 59. Calculate the highest common divisor of t and 11.
11
Let a = -4 + 8. Suppose -a*s = s - 25. What is the greatest common factor of 45 and s?
5
Suppose -150 = 2*r - 4*r. Suppose 0*w - 30 = -w. Calculate the greatest common divisor of r and w.
15
Let c = -41 - -27. Let a be (-2460)/c - (-16)/56. What is the greatest common divisor of 16 and a?
16
Suppose 0*b = -6*b + 36. Suppose -2*r + 60 = -0*r. What is the highest common divisor of b and r?
6
Let d be 8/20*5 + -3. Let j(m) = -2*m + 1. Let r be j(6). Let s be d*(r + -1 + 0). What is the highest common divisor of s and 3?
3
Suppose 5 = v + 1. Suppose 3*j = -4*w - w + 174, -5*w + v*j + 153 = 0. Calculate the highest common factor of 22 and w.
11
Suppose 2*p - 142 = -j - 4*j, 3*p - 5*j = 263. Let a = -14 + 23. Calculate the highest common factor of a and p.
9
Let r be 630/28 + (-2)/4. What is the greatest common factor of r and 2?
2
Suppose 14 = 2*w + 2. Suppose -r + w = -7. Calculate the highest common divisor of 26 and r.
13
Suppose 0 = 4*z - 1 - 3. Let o = 116 + -115. What is the highest common divisor of z and o?
1
Let g be 983/4 + 1/4. Let i = g - 4. What is the greatest common divisor of 22 and i?
22
Let o = -29 - -39. Calculate the greatest common factor of 2 and o.
2
Let l be (5/(-5))/2 - (-75)/6. Let u(h) = 31*h**2 + h. Let j be u(-1). Calculate the greatest common divisor of l and j.
6
Let n(v) = v**3 - 22*v**2 + 24*v - 56. Let j be n(21). Suppose 2*p + 3*p = 245. What is the highest common divisor of p and j?
7
Let w = -75 + 108. Calculate the greatest common factor of w and 99.
33
Let a(j) = j**3 - 6*j**2 + 7*j - 6. Let o be a(4). Let v = 6 + o. Let f be (-6)/(-24) - 67/v. What is the highest common factor of f and 119?
17
Let p(f) = -3*f**3 - 2*f**2 + 1. Let q be p(-1). Suppose q*o - 1 = 23. Calculate the highest common factor of 96 and o.
12
Let l be 2/(-8) + 65/20. Suppose 0 = -l*y - 60 + 939. Let d = -174 + y. What is the greatest common divisor of d and 17?
17
Let k = 9 - 6. Suppose 0 = t - k*t + 10. Suppose 0 = -4*o - 13 + 193. What is the greatest common divisor of t and o?
5
Suppose -4*a - 1 - 3 = 4*s, -2*s - 3*a = 5. Suppose s*y = -y + 75. What is the greatest common divisor of y and 200?
25
Suppose 0 = 2*v - 5*x + 3 - 40, 2*v + 5*x - 27 = 0. Suppose -3*p = -c - v, p - 22 = -4*c + c. Let b = 29 + -15. What is the highest common divisor of b and p?
7
Let m = -8 - -32. Calculate the highest common factor of m and 216.
24
Let p(x) = -11*x**3 + 2. Suppose 8 = 2*h + 2*h - 4*t, 0 = -5*h - 5*t - 30. Let k be p(h). What is the greatest common divisor of 15 and k?
15
Let b be 1*15 - (0 - (4 + -3)). Calculate the greatest common divisor of b and 16.
16
Let k(g) = g + 1. Let i be k(1). Let m = 4 - i. Suppose -2*x = m*x - 264. Calculate the highest common factor of 6 and x.
6
Let t(u) = u**3 + 7*u**2 - 8*u - 10. Let c be t(-7). What is the greatest common divisor of c and 23?
23
Suppose 3*o + 3 = 0, 7*o - 13 = -q + 2*o. Let a = q + 5. Let l be -2 + a - (1 - 0). What is the highest common divisor of l and 8?
4
Suppose -2 = -3*i + 2*i. Let y be 45/9 + 2/i. Let x be 464/y + 2/(-6). Calculate the greatest common divisor of x and 11.
11
Let i(m) = m**2 - 5*m - 6. Suppose 0 = 3*k + 2*k - 30. Let h be i(k). Suppose s + h*s = 3. What is the highest common factor of s and 33?
3
Let c be ((-60)/16)/(1/(-4)). Suppose 172 = 4*t - 4*k, -6*t + k = -11*t + 227. What is the greatest common factor of c and t?
15
Suppose -8 = -3*x + 7. Let o be (-2 + x)/((-1)/(-3)). Let k be (-110)/(-6) - (-6)/o. Calculate the greatest common factor of k and 95.
19
Let o be -4*(-9)/(-42)*-42. What is the greatest common factor of o and 4?
4
Suppose 37 = -3*a + 142. What is the greatest common divisor of 5 and a?
5
Let u be (2/(-1))/((-3)/48). Let x be 16/3*(-3)/(-2). Calculate the greatest common divisor of x and u.
8
Suppose -2*w + 7 = 5*r, 7 = 2*r + r + 4*w. Suppose 4*u + 3*y - r - 23 = 0, -2*u = 5*y + 2. Calculate the highest common factor of 99 and u.
9
Let h(f) = f**2 + 3*f + 3. Let q be h(-4). Calculate the highest common divisor of q and 35.
7
Let h = 0 + 2. Let j = -59 - -26. Let n be (-24)/18*j/h. What is the greatest common divisor of 